{"version":"1.0","provider_name":"Ma Visite en France","provider_url":"https:\/\/mavisiteenfrance.com","author_name":"admin","author_url":"https:\/\/mavisiteenfrance.com\/index.php\/author\/admin\/","title":"Cuges-les-Pins - La ferme du l\u00e9zard vert - Ma Visite en France","type":"rich","width":600,"height":338,"html":"<blockquote class=\"wp-embedded-content\" data-secret=\"WtEVuhJlIF\"><a href=\"https:\/\/mavisiteenfrance.com\/index.php\/cuges-les-pins-la-ferme-du-lezard-vert\/\">Cuges-les-Pins &#8211; La ferme du l\u00e9zard vert<\/a><\/blockquote><iframe sandbox=\"allow-scripts\" security=\"restricted\" src=\"https:\/\/mavisiteenfrance.com\/index.php\/cuges-les-pins-la-ferme-du-lezard-vert\/embed\/#?secret=WtEVuhJlIF\" width=\"600\" height=\"338\" title=\"\u00ab\u00a0Cuges-les-Pins &#8211; La ferme du l\u00e9zard vert\u00a0\u00bb &#8212; Ma Visite en France\" data-secret=\"WtEVuhJlIF\" frameborder=\"0\" marginwidth=\"0\" marginheight=\"0\" scrolling=\"no\" class=\"wp-embedded-content\"><\/iframe><script type=\"text\/javascript\">\n\/* <![CDATA[ *\/\n\/*! This file is auto-generated *\/\n!function(d,l){\"use strict\";l.querySelector&&d.addEventListener&&\"undefined\"!=typeof URL&&(d.wp=d.wp||{},d.wp.receiveEmbedMessage||(d.wp.receiveEmbedMessage=function(e){var t=e.data;if((t||t.secret||t.message||t.value)&&!\/[^a-zA-Z0-9]\/.test(t.secret)){for(var s,r,n,a=l.querySelectorAll('iframe[data-secret=\"'+t.secret+'\"]'),o=l.querySelectorAll('blockquote[data-secret=\"'+t.secret+'\"]'),c=new RegExp(\"^https?:$\",\"i\"),i=0;i<o.length;i++)o[i].style.display=\"none\";for(i=0;i<a.length;i++)s=a[i],e.source===s.contentWindow&&(s.removeAttribute(\"style\"),\"height\"===t.message?(1e3<(r=parseInt(t.value,10))?r=1e3:~~r<200&&(r=200),s.height=r):\"link\"===t.message&&(r=new URL(s.getAttribute(\"src\")),n=new URL(t.value),c.test(n.protocol))&&n.host===r.host&&l.activeElement===s&&(d.top.location.href=t.value))}},d.addEventListener(\"message\",d.wp.receiveEmbedMessage,!1),l.addEventListener(\"DOMContentLoaded\",function(){for(var e,t,s=l.querySelectorAll(\"iframe.wp-embedded-content\"),r=0;r<s.length;r++)(t=(e=s[r]).getAttribute(\"data-secret\"))||(t=Math.random().toString(36).substring(2,12),e.src+=\"#?secret=\"+t,e.setAttribute(\"data-secret\",t)),e.contentWindow.postMessage({message:\"ready\",secret:t},\"*\")},!1)))}(window,document);\n\/\/# sourceURL=https:\/\/mavisiteenfrance.com\/wp-includes\/js\/wp-embed.min.js\n\/* ]]> *\/\n<\/script>\n","thumbnail_url":"https:\/\/mavisiteenfrance.com\/wp-content\/uploads\/2021\/07\/Cuges-les-Pins-La-ferme-du-le\u0301zard-vert.png","thumbnail_width":550,"thumbnail_height":380,"description":"Sur notre exploitation agricole de 2ha nous cultivons le safran, les c\u00e2pres. les pois chiche, des herbes aromatiques. Nous confectionnons des produits d\u00e9riv\u00e9s safran\u00e9s et des sirops avec les plantes sauvages qui poussent sur la commune; pas de colorant pas de produit de synth\u00e8se.Pourquoi le safran et la c\u00e2pres, car ce sont des plantes embl\u00e9matiques [&hellip;]"}

Cuges-les-Pins - La ferme du lézard vert - Ma Visite en France

<blockquote class="wp-embedded-content" data-secret="WtEVuhJlIF"><a href="https://mavisiteenfrance.com/index.php/cuges-les-pins-la-ferme-du-lezard-vert/">Cuges-les-Pins &#8211; La ferme du lézard vert</a></blockquote><iframe sandbox="allow-scripts" security="restricted" src="https://mavisiteenfrance.com/index.php/cuges-les-pins-la-ferme-du-lezard-vert/embed/#?secret=WtEVuhJlIF" width="600" height="338" title="« Cuges-les-Pins &#8211; La ferme du lézard vert » &#8212; Ma Visite en France" data-secret="WtEVuhJlIF" frameborder="0" marginwidth="0" marginheight="0" scrolling="no" class="wp-embedded-content"></iframe><script type="text/javascript">
/* <![CDATA[ */
/*! This file is auto-generated */
!function(d,l){"use strict";l.querySelector&&d.addEventListener&&"undefined"!=typeof URL&&(d.wp=d.wp||{},d.wp.receiveEmbedMessage||(d.wp.receiveEmbedMessage=function(e){var t=e.data;if((t||t.secret||t.message||t.value)&&!/[^a-zA-Z0-9]/.test(t.secret)){for(var s,r,n,a=l.querySelectorAll('iframe[data-secret="'+t.secret+'"]'),o=l.querySelectorAll('blockquote[data-secret="'+t.secret+'"]'),c=new RegExp("^https?:$","i"),i=0;i<o.length;i++)o[i].style.display="none";for(i=0;i<a.length;i++)s=a[i],e.source===s.contentWindow&&(s.removeAttribute("style"),"height"===t.message?(1e3<(r=parseInt(t.value,10))?r=1e3:~~r<200&&(r=200),s.height=r):"link"===t.message&&(r=new URL(s.getAttribute("src")),n=new URL(t.value),c.test(n.protocol))&&n.host===r.host&&l.activeElement===s&&(d.top.location.href=t.value))}},d.addEventListener("message",d.wp.receiveEmbedMessage,!1),l.addEventListener("DOMContentLoaded",function(){for(var e,t,s=l.querySelectorAll("iframe.wp-embedded-content"),r=0;r<s.length;r++)(t=(e=s[r]).getAttribute("data-secret"))||(t=Math.random().toString(36).substring(2,12),e.src+="#?secret="+t,e.setAttribute("data-secret",t)),e.contentWindow.postMessage({message:"ready",secret:t},"*")},!1)))}(window,document);
//# sourceURL=https://mavisiteenfrance.com/wp-includes/js/wp-embed.min.js
/* ]]> */
</script>

Sur notre exploitation agricole de 2ha nous cultivons le safran, les câpres. les pois chiche, des herbes aromatiques. Nous confectionnons des produits dérivés safranés et des sirops avec les plantes sauvages qui poussent sur la commune; pas de colorant pas de produit de synthèse.Pourquoi le safran et la câpres, car ce sont des plantes emblématiques [&hellip;]
