{"version":"1.0","provider_name":"Ma Visite en France","provider_url":"https:\/\/mavisiteenfrance.com","author_name":"admin","author_url":"https:\/\/mavisiteenfrance.com\/index.php\/author\/admin\/","title":"Esteville - Centre Abb\u00e9 Pierre - Ma Visite en France","type":"rich","width":600,"height":338,"html":"<blockquote class=\"wp-embedded-content\" data-secret=\"LGzUmhsAHW\"><a href=\"https:\/\/mavisiteenfrance.com\/index.php\/esteville-centre-abbe-pierre\/\">Esteville &#8211; Centre Abb\u00e9 Pierre<\/a><\/blockquote><iframe sandbox=\"allow-scripts\" security=\"restricted\" src=\"https:\/\/mavisiteenfrance.com\/index.php\/esteville-centre-abbe-pierre\/embed\/#?secret=LGzUmhsAHW\" width=\"600\" height=\"338\" title=\"\u00ab\u00a0Esteville &#8211; Centre Abb\u00e9 Pierre\u00a0\u00bb &#8212; Ma Visite en France\" data-secret=\"LGzUmhsAHW\" frameborder=\"0\" marginwidth=\"0\" marginheight=\"0\" scrolling=\"no\" class=\"wp-embedded-content\"><\/iframe><script type=\"text\/javascript\">\n\/* <![CDATA[ *\/\n\/*! This file is auto-generated *\/\n!function(d,l){\"use strict\";l.querySelector&&d.addEventListener&&\"undefined\"!=typeof URL&&(d.wp=d.wp||{},d.wp.receiveEmbedMessage||(d.wp.receiveEmbedMessage=function(e){var t=e.data;if((t||t.secret||t.message||t.value)&&!\/[^a-zA-Z0-9]\/.test(t.secret)){for(var s,r,n,a=l.querySelectorAll('iframe[data-secret=\"'+t.secret+'\"]'),o=l.querySelectorAll('blockquote[data-secret=\"'+t.secret+'\"]'),c=new RegExp(\"^https?:$\",\"i\"),i=0;i<o.length;i++)o[i].style.display=\"none\";for(i=0;i<a.length;i++)s=a[i],e.source===s.contentWindow&&(s.removeAttribute(\"style\"),\"height\"===t.message?(1e3<(r=parseInt(t.value,10))?r=1e3:~~r<200&&(r=200),s.height=r):\"link\"===t.message&&(r=new URL(s.getAttribute(\"src\")),n=new URL(t.value),c.test(n.protocol))&&n.host===r.host&&l.activeElement===s&&(d.top.location.href=t.value))}},d.addEventListener(\"message\",d.wp.receiveEmbedMessage,!1),l.addEventListener(\"DOMContentLoaded\",function(){for(var e,t,s=l.querySelectorAll(\"iframe.wp-embedded-content\"),r=0;r<s.length;r++)(t=(e=s[r]).getAttribute(\"data-secret\"))||(t=Math.random().toString(36).substring(2,12),e.src+=\"#?secret=\"+t,e.setAttribute(\"data-secret\",t)),e.contentWindow.postMessage({message:\"ready\",secret:t},\"*\")},!1)))}(window,document);\n\/\/# sourceURL=https:\/\/mavisiteenfrance.com\/wp-includes\/js\/wp-embed.min.js\n\/* ]]> *\/\n<\/script>\n","thumbnail_url":"https:\/\/mavisiteenfrance.com\/wp-content\/uploads\/2021\/05\/Esteville-Centre-Abbe\u0301-Pierre.png","thumbnail_width":550,"thumbnail_height":380,"description":"Esteville, \u00e0 30 km au nord de Rouen. Le lieu de m\u00e9moire de l&rsquo;abb\u00e9 Pierre est un vaste espace d&rsquo;exposition riche de nombreuses vid\u00e9os, photos et objets personnels, pr\u00e9sentant de fa\u00e7on moderne la vie, le message et l&rsquo;\u0153uvre de celui qui a \u00e9t\u00e9 la personnalit\u00e9 pr\u00e9f\u00e9r\u00e9e des fran\u00e7ais pendant de nombreuses ann\u00e9es. Le parcours sc\u00e9nographique [&hellip;]"}

Esteville - Centre Abbé Pierre - Ma Visite en France

<blockquote class="wp-embedded-content" data-secret="LGzUmhsAHW"><a href="https://mavisiteenfrance.com/index.php/esteville-centre-abbe-pierre/">Esteville &#8211; Centre Abbé Pierre</a></blockquote><iframe sandbox="allow-scripts" security="restricted" src="https://mavisiteenfrance.com/index.php/esteville-centre-abbe-pierre/embed/#?secret=LGzUmhsAHW" width="600" height="338" title="« Esteville &#8211; Centre Abbé Pierre » &#8212; Ma Visite en France" data-secret="LGzUmhsAHW" frameborder="0" marginwidth="0" marginheight="0" scrolling="no" class="wp-embedded-content"></iframe><script type="text/javascript">
/* <![CDATA[ */
/*! This file is auto-generated */
!function(d,l){"use strict";l.querySelector&&d.addEventListener&&"undefined"!=typeof URL&&(d.wp=d.wp||{},d.wp.receiveEmbedMessage||(d.wp.receiveEmbedMessage=function(e){var t=e.data;if((t||t.secret||t.message||t.value)&&!/[^a-zA-Z0-9]/.test(t.secret)){for(var s,r,n,a=l.querySelectorAll('iframe[data-secret="'+t.secret+'"]'),o=l.querySelectorAll('blockquote[data-secret="'+t.secret+'"]'),c=new RegExp("^https?:$","i"),i=0;i<o.length;i++)o[i].style.display="none";for(i=0;i<a.length;i++)s=a[i],e.source===s.contentWindow&&(s.removeAttribute("style"),"height"===t.message?(1e3<(r=parseInt(t.value,10))?r=1e3:~~r<200&&(r=200),s.height=r):"link"===t.message&&(r=new URL(s.getAttribute("src")),n=new URL(t.value),c.test(n.protocol))&&n.host===r.host&&l.activeElement===s&&(d.top.location.href=t.value))}},d.addEventListener("message",d.wp.receiveEmbedMessage,!1),l.addEventListener("DOMContentLoaded",function(){for(var e,t,s=l.querySelectorAll("iframe.wp-embedded-content"),r=0;r<s.length;r++)(t=(e=s[r]).getAttribute("data-secret"))||(t=Math.random().toString(36).substring(2,12),e.src+="#?secret="+t,e.setAttribute("data-secret",t)),e.contentWindow.postMessage({message:"ready",secret:t},"*")},!1)))}(window,document);
//# sourceURL=https://mavisiteenfrance.com/wp-includes/js/wp-embed.min.js
/* ]]> */
</script>

Esteville, à 30 km au nord de Rouen. Le lieu de mémoire de l&rsquo;abbé Pierre est un vaste espace d&rsquo;exposition riche de nombreuses vidéos, photos et objets personnels, présentant de façon moderne la vie, le message et l&rsquo;œuvre de celui qui a été la personnalité préférée des français pendant de nombreuses années. Le parcours scénographique [&hellip;]
