{"id":193,"date":"2021-02-05T14:01:50","date_gmt":"2021-02-05T14:01:50","guid":{"rendered":"https:\/\/mavisiteenfrance.com\/?page_id=193"},"modified":"2021-02-05T14:12:39","modified_gmt":"2021-02-05T14:12:39","slug":"activites-insolites-region-de-saint-etienne","status":"publish","type":"page","link":"https:\/\/mavisiteenfrance.com\/index.php\/auvergne-rhone-alpes\/activites-insolites-region-de-saint-etienne\/","title":{"rendered":"Activit\u00e9s insolites r\u00e9gion de Saint-\u00c9tienne"},"content":{"rendered":"      <div id=\"post-grid-lazy-219\" class=\"post-grid-lazy\"><img decoding=\"async\" alt=\"\" src=\"\" \/><\/div>\n    <script>\n      jQuery('#post-grid-lazy-219').ready(function($) {\n        $('#post-grid-lazy-219').fadeOut();\n        $('#post-grid-219   ').fadeIn();\n      })\n    <\/script>\n    <style type=\"text\/css\">\n      #post-grid-219 {\n        display: none;\n      }\n\n      .post-grid-lazy {\n        text-align: center;\n      }\n    <\/style>\n    <div data-options='{&quot;id&quot;:&quot;219&quot;,&quot;lazy_load&quot;:&quot;yes&quot;,&quot;masonry_enable&quot;:&quot;no&quot;,&quot;view_type&quot;:&quot;grid&quot;}' id=\"post-grid-219\" class=\"post-grid grid\">\n    \n\n\n    <div class=\"grid-items\">\n      <div class=\"item item-1487 skin flat even 0 \">\n        <div class=\"layer-wrapper layout-1228\">\n          <div\r\n        class=\"element element_1587190790308  element-media \">\r\n        <a target=\"_self\" href=\"https:\/\/mavisiteenfrance.com\/index.php\/roanne-le-monde-dalex-artiste-peintre\/\"><img loading=\"lazy\" decoding=\"async\" width=\"550\" height=\"380\" src=\"https:\/\/mavisiteenfrance.com\/wp-content\/uploads\/2021\/02\/Le-Monde-dAlex-\u2013-Artiste-Peintre.png\" class=\"attachment-large size-large wp-post-image\" alt=\"\" \/><\/a>    <\/div>\r\n    <div class=\"element element_1587187895341  title \">\r\n                    <a target=\"_blank\"\r\n                href=\"https:\/\/mavisiteenfrance.com\/index.php\/roanne-le-monde-dalex-artiste-peintre\/\">Roanne - Le Monde d'Alex, Artiste Peintre<\/a>\r\n            <\/div>\r\n    <\/div>\n  <\/div><div class=\"item item-1396 skin flat odd 1 \">\n        <div class=\"layer-wrapper layout-1228\">\n          <div\r\n        class=\"element element_1587190790308  element-media \">\r\n        <a target=\"_self\" href=\"https:\/\/mavisiteenfrance.com\/index.php\/st-jean-bonnefonds-alpha-survie\/\"><img loading=\"lazy\" decoding=\"async\" width=\"550\" height=\"380\" src=\"https:\/\/mavisiteenfrance.com\/wp-content\/uploads\/2021\/02\/Alpha-survie.png\" class=\"attachment-large size-large wp-post-image\" alt=\"\" \/><\/a>    <\/div>\r\n    <div class=\"element element_1587187895341  title \">\r\n                    <a target=\"_blank\"\r\n                href=\"https:\/\/mavisiteenfrance.com\/index.php\/st-jean-bonnefonds-alpha-survie\/\">St Jean Bonnefonds - Alpha survie<\/a>\r\n            <\/div>\r\n    <\/div>\n  <\/div><div class=\"item item-1399 skin flat even 2 \">\n        <div class=\"layer-wrapper layout-1228\">\n          <div\r\n        class=\"element element_1587190790308  element-media \">\r\n        <a target=\"_self\" href=\"https:\/\/mavisiteenfrance.com\/index.php\/saint-bonnet-le-chateau\/\"><img loading=\"lazy\" decoding=\"async\" width=\"550\" height=\"380\" src=\"https:\/\/mavisiteenfrance.com\/wp-content\/uploads\/2021\/02\/Saint-Bonnet-le-Cha\u0302teau.png\" class=\"attachment-large size-large wp-post-image\" alt=\"\" \/><\/a>    <\/div>\r\n    <div class=\"element element_1587187895341  title \">\r\n                    <a target=\"_blank\"\r\n                href=\"https:\/\/mavisiteenfrance.com\/index.php\/saint-bonnet-le-chateau\/\">Saint-Bonnet-le-Ch\u00e2teau<\/a>\r\n            <\/div>\r\n    <\/div>\n  <\/div><div class=\"item item-1017 skin flat odd 3 \">\n        <div class=\"layer-wrapper layout-1228\">\n          <div\r\n        class=\"element element_1587190790308  element-media \">\r\n        <a target=\"_self\" href=\"https:\/\/mavisiteenfrance.com\/index.php\/roanne-visite-guidee-commentee-avec-demonstration-de-nos-ateliers-formier-et-chapeau\/\"><img loading=\"lazy\" decoding=\"async\" width=\"550\" height=\"380\" src=\"https:\/\/mavisiteenfrance.com\/wp-content\/uploads\/2021\/02\/Visite-guide\u0301e-commente\u0301e-avec-de\u0301monstration-de-nos-ateliers-Formier-et-Chapeau.png\" class=\"attachment-large size-large wp-post-image\" alt=\"\" \/><\/a>    <\/div>\r\n    <div class=\"element element_1587187895341  title \">\r\n                    <a target=\"_blank\"\r\n                href=\"https:\/\/mavisiteenfrance.com\/index.php\/roanne-visite-guidee-commentee-avec-demonstration-de-nos-ateliers-formier-et-chapeau\/\">Roanne - Visite guid\u00e9e, comment\u00e9e, avec d\u00e9monstration de nos ateliers Formier et Chapeau<\/a>\r\n            <\/div>\r\n    <\/div>\n  <\/div><div class=\"item item-2029 skin flat even 4 \">\n        <div class=\"layer-wrapper layout-1228\">\n          <div\r\n        class=\"element element_1587190790308  element-media \">\r\n        <a target=\"_self\" href=\"https:\/\/mavisiteenfrance.com\/index.php\/marlhes-activite-chiens-de-traineaux\/\"><img loading=\"lazy\" decoding=\"async\" width=\"550\" height=\"380\" src=\"https:\/\/mavisiteenfrance.com\/wp-content\/uploads\/2021\/03\/activite\u0301-chiens-de-traineaux.png\" class=\"attachment-large size-large wp-post-image\" alt=\"\" \/><\/a>    <\/div>\r\n    <div class=\"element element_1587187895341  title \">\r\n                    <a target=\"_blank\"\r\n                href=\"https:\/\/mavisiteenfrance.com\/index.php\/marlhes-activite-chiens-de-traineaux\/\">Marlhes - activit\u00e9 chiens de traineaux<\/a>\r\n            <\/div>\r\n    <\/div>\n  <\/div><div class=\"item item-2033 skin flat odd 5 \">\n        <div class=\"layer-wrapper layout-1228\">\n          <div\r\n        class=\"element element_1587190790308  element-media \">\r\n        <a target=\"_self\" href=\"https:\/\/mavisiteenfrance.com\/index.php\/yssingeaux-location-velos\/\"><img loading=\"lazy\" decoding=\"async\" width=\"550\" height=\"380\" src=\"https:\/\/mavisiteenfrance.com\/wp-content\/uploads\/2021\/03\/Yssingeaux-Location-ve\u0301los.png\" class=\"attachment-large size-large wp-post-image\" alt=\"\" \/><\/a>    <\/div>\r\n    <div class=\"element element_1587187895341  title \">\r\n                    <a target=\"_blank\"\r\n                href=\"https:\/\/mavisiteenfrance.com\/index.php\/yssingeaux-location-velos\/\">Yssingeaux - Location v\u00e9los<\/a>\r\n            <\/div>\r\n    <\/div>\n  <\/div><div class=\"item item-2086 skin flat even 6 \">\n        <div class=\"layer-wrapper layout-1228\">\n          <div\r\n        class=\"element element_1587190790308  element-media \">\r\n        <a target=\"_self\" href=\"https:\/\/mavisiteenfrance.com\/index.php\/saint-andre-dapchon-visite-dune-exploitation-viticole\/\"><img loading=\"lazy\" decoding=\"async\" width=\"550\" height=\"380\" src=\"https:\/\/mavisiteenfrance.com\/wp-content\/uploads\/2021\/03\/Visite-dune-exploitation-viticole.png\" class=\"attachment-large size-large wp-post-image\" alt=\"\" \/><\/a>    <\/div>\r\n    <div class=\"element element_1587187895341  title \">\r\n                    <a target=\"_blank\"\r\n                href=\"https:\/\/mavisiteenfrance.com\/index.php\/saint-andre-dapchon-visite-dune-exploitation-viticole\/\">Saint-Andr\u00e9-d'Apchon - Visite d'une exploitation viticole<\/a>\r\n            <\/div>\r\n    <\/div>\n  <\/div>    <\/div>\n    <div class=\"pagination\">\n      <div class=\"paginate\">\n      <\/div>\n  <style type=\"text\/css\">\n    #post-grid-219 .pagination .page-numbers {\n      font-size: 16px;\n      color: #fff;\n      background: #646464;\n    }\n\n    #post-grid-219 .pagination .page-numbers:hover,\n    #post-grid-219 .pagination .page-numbers.current {\n      background: #4b4b4b;\n    }\n  <\/style>\n  <\/div>\n    <style type=\"text\/css\">\r\n        .layout-1228 .element_1587190790308 {\r\n            overflow: hidden;\r\n                    }\r\n\r\n        .layout-1228 .element_1587190790308 img {\r\n            max-width: 100%;\r\n            height: auto;\r\n        }\r\n\r\n        @media only screen and (min-width: 1024px) {\r\n            .layout-1228 .element_1587190790308 {\r\n                height: auto;\r\n                            }\r\n        }\r\n\r\n        @media only screen and (min-width: 768px) and (max-width: 1023px) {\r\n            .layout-1228 .element_1587190790308 {\r\n                height: auto;\r\n                            }\r\n        }\r\n\r\n        @media only screen and (min-width: 0px) and (max-width: 767px) {\r\n            .layout-1228 .element_1587190790308 {\r\n                height: auto;\r\n                            }\r\n        }\r\n    <\/style>\r\n    <style type=\"text\/css\">\r\n        .layout-1228 .element_1587187895341 {\r\n            color: #ffffff;\r\n            font-size: 18px;\r\n            margin: 5px;\r\n            text-align: left;\r\n                    }\r\n\r\n        .layout-1228 .element_1587187895341 a {\r\n            color: #ffffff;\r\n            font-size: 18px;\r\n            margin: 5px;\r\n            text-align: left;\r\n                    }\r\n    <\/style>\r\n        <style type=\"text\/css\">\n      .layout-1228 a{text-decoration:none}.layout-1228{overflow:hidden;position:relative;vertical-align:top}.layout-1228:hover .layer-media{z-index:9}.layout-1228 .layer-media{-webkit-transition:all .4s ease 0s;transition:all .4s ease 0s;left:0;top:0;width:100%}.layout-1228 .layer-content{background:rgba(0,0,0,.3) none repeat scroll 0 0;bottom:0;color:#fff;left:0;position:absolute;-webkit-transition:all 1s ease 0s;transition:all 1s ease 0s;width:100%;}    <\/style>\n    <script>\n          <\/script>\n    <style type=\"text\/css\">\n    #post-grid-219 {\n      padding: 10px;\n          }\n\n    #post-grid-219 .item {\n      padding: 0px;\n      background: #fff;\n          }\n\n    #post-grid-219 .item .layer-media {\n      height:auto;    }\n\n    @media only screen and (min-width: 0px) and (max-width: 767px) {\n      #post-grid-219 .grid-items {\n        text-align: center;\n              }\n\n      #post-grid-219 .item {\n        width: 90%;\n        margin: 10px;\n        display: inline-block;\n        vertical-align: top;\n        height:auto;      }\n    }\n\n    @media only screen and (min-width: 768px) and (max-width: 1023px) {\n      #post-grid-219 .grid-items {\n        text-align: center;\n              }\n\n      #post-grid-219 .item {\n        width: 280px;\n        margin: 10px;\n        display: inline-block;\n        vertical-align: top;\n        max-height:auto;      }\n    }\n\n    @media only screen and (min-width: 1024px) {\n      #post-grid-219 .grid-items {\n        text-align: center;\n              }\n\n      #post-grid-219 .item {\n        width: 280px;\n        display: inline-block;\n        margin: 10px;\n        vertical-align: top;\n        height:auto;      }\n    }\n\n      <\/style>\n  <\/div>\n\n","protected":false},"excerpt":{"rendered":"","protected":false},"author":1,"featured_media":0,"parent":129,"menu_order":0,"comment_status":"closed","ping_status":"closed","template":"","meta":{"footnotes":""},"class_list":["post-193","page","type-page","status-publish","hentry"],"yoast_head":"<!-- This site is optimized with the Yoast SEO plugin v19.6.1 - https:\/\/yoast.com\/wordpress\/plugins\/seo\/ -->\n<title>Activit\u00e9s insolites r\u00e9gion de Saint-\u00c9tienne - Ma Visite en France<\/title>\n<meta name=\"robots\" content=\"index, follow, max-snippet:-1, max-image-preview:large, max-video-preview:-1\" \/>\n<link rel=\"canonical\" href=\"https:\/\/mavisiteenfrance.com\/index.php\/auvergne-rhone-alpes\/activites-insolites-region-de-saint-etienne\/\" \/>\n<meta property=\"og:locale\" content=\"fr_FR\" \/>\n<meta property=\"og:type\" content=\"article\" \/>\n<meta property=\"og:title\" content=\"Activit\u00e9s insolites r\u00e9gion de Saint-\u00c9tienne - Ma Visite en France\" \/>\n<meta property=\"og:url\" content=\"https:\/\/mavisiteenfrance.com\/index.php\/auvergne-rhone-alpes\/activites-insolites-region-de-saint-etienne\/\" \/>\n<meta property=\"og:site_name\" content=\"Ma Visite en France\" \/>\n<meta property=\"article:modified_time\" content=\"2021-02-05T14:12:39+00:00\" \/>\n<meta name=\"twitter:card\" content=\"summary_large_image\" \/>\n<script type=\"application\/ld+json\" class=\"yoast-schema-graph\">{\"@context\":\"https:\/\/schema.org\",\"@graph\":[{\"@type\":\"WebPage\",\"@id\":\"https:\/\/mavisiteenfrance.com\/index.php\/auvergne-rhone-alpes\/activites-insolites-region-de-saint-etienne\/\",\"url\":\"https:\/\/mavisiteenfrance.com\/index.php\/auvergne-rhone-alpes\/activites-insolites-region-de-saint-etienne\/\",\"name\":\"Activit\u00e9s insolites r\u00e9gion de Saint-\u00c9tienne - Ma Visite en France\",\"isPartOf\":{\"@id\":\"https:\/\/mavisiteenfrance.com\/#website\"},\"datePublished\":\"2021-02-05T14:01:50+00:00\",\"dateModified\":\"2021-02-05T14:12:39+00:00\",\"breadcrumb\":{\"@id\":\"https:\/\/mavisiteenfrance.com\/index.php\/auvergne-rhone-alpes\/activites-insolites-region-de-saint-etienne\/#breadcrumb\"},\"inLanguage\":\"fr-FR\",\"potentialAction\":[{\"@type\":\"ReadAction\",\"target\":[\"https:\/\/mavisiteenfrance.com\/index.php\/auvergne-rhone-alpes\/activites-insolites-region-de-saint-etienne\/\"]}]},{\"@type\":\"BreadcrumbList\",\"@id\":\"https:\/\/mavisiteenfrance.com\/index.php\/auvergne-rhone-alpes\/activites-insolites-region-de-saint-etienne\/#breadcrumb\",\"itemListElement\":[{\"@type\":\"ListItem\",\"position\":1,\"name\":\"Accueil\",\"item\":\"https:\/\/mavisiteenfrance.com\/\"},{\"@type\":\"ListItem\",\"position\":2,\"name\":\"Auvergne-Rh\u00f4ne-Alpes\",\"item\":\"https:\/\/mavisiteenfrance.com\/index.php\/auvergne-rhone-alpes\/\"},{\"@type\":\"ListItem\",\"position\":3,\"name\":\"Activit\u00e9s insolites r\u00e9gion de Saint-\u00c9tienne\"}]},{\"@type\":\"WebSite\",\"@id\":\"https:\/\/mavisiteenfrance.com\/#website\",\"url\":\"https:\/\/mavisiteenfrance.com\/\",\"name\":\"Ma Visite en France\",\"description\":\"Exp\u00e9riences insolites\",\"potentialAction\":[{\"@type\":\"SearchAction\",\"target\":{\"@type\":\"EntryPoint\",\"urlTemplate\":\"https:\/\/mavisiteenfrance.com\/?s={search_term_string}\"},\"query-input\":\"required name=search_term_string\"}],\"inLanguage\":\"fr-FR\"}]}<\/script>\n<!-- \/ Yoast SEO plugin. -->","yoast_head_json":{"title":"Activit\u00e9s insolites r\u00e9gion de Saint-\u00c9tienne - Ma Visite en France","robots":{"index":"index","follow":"follow","max-snippet":"max-snippet:-1","max-image-preview":"max-image-preview:large","max-video-preview":"max-video-preview:-1"},"canonical":"https:\/\/mavisiteenfrance.com\/index.php\/auvergne-rhone-alpes\/activites-insolites-region-de-saint-etienne\/","og_locale":"fr_FR","og_type":"article","og_title":"Activit\u00e9s insolites r\u00e9gion de Saint-\u00c9tienne - Ma Visite en France","og_url":"https:\/\/mavisiteenfrance.com\/index.php\/auvergne-rhone-alpes\/activites-insolites-region-de-saint-etienne\/","og_site_name":"Ma Visite en France","article_modified_time":"2021-02-05T14:12:39+00:00","twitter_card":"summary_large_image","schema":{"@context":"https:\/\/schema.org","@graph":[{"@type":"WebPage","@id":"https:\/\/mavisiteenfrance.com\/index.php\/auvergne-rhone-alpes\/activites-insolites-region-de-saint-etienne\/","url":"https:\/\/mavisiteenfrance.com\/index.php\/auvergne-rhone-alpes\/activites-insolites-region-de-saint-etienne\/","name":"Activit\u00e9s insolites r\u00e9gion de Saint-\u00c9tienne - Ma Visite en France","isPartOf":{"@id":"https:\/\/mavisiteenfrance.com\/#website"},"datePublished":"2021-02-05T14:01:50+00:00","dateModified":"2021-02-05T14:12:39+00:00","breadcrumb":{"@id":"https:\/\/mavisiteenfrance.com\/index.php\/auvergne-rhone-alpes\/activites-insolites-region-de-saint-etienne\/#breadcrumb"},"inLanguage":"fr-FR","potentialAction":[{"@type":"ReadAction","target":["https:\/\/mavisiteenfrance.com\/index.php\/auvergne-rhone-alpes\/activites-insolites-region-de-saint-etienne\/"]}]},{"@type":"BreadcrumbList","@id":"https:\/\/mavisiteenfrance.com\/index.php\/auvergne-rhone-alpes\/activites-insolites-region-de-saint-etienne\/#breadcrumb","itemListElement":[{"@type":"ListItem","position":1,"name":"Accueil","item":"https:\/\/mavisiteenfrance.com\/"},{"@type":"ListItem","position":2,"name":"Auvergne-Rh\u00f4ne-Alpes","item":"https:\/\/mavisiteenfrance.com\/index.php\/auvergne-rhone-alpes\/"},{"@type":"ListItem","position":3,"name":"Activit\u00e9s insolites r\u00e9gion de Saint-\u00c9tienne"}]},{"@type":"WebSite","@id":"https:\/\/mavisiteenfrance.com\/#website","url":"https:\/\/mavisiteenfrance.com\/","name":"Ma Visite en France","description":"Exp\u00e9riences insolites","potentialAction":[{"@type":"SearchAction","target":{"@type":"EntryPoint","urlTemplate":"https:\/\/mavisiteenfrance.com\/?s={search_term_string}"},"query-input":"required name=search_term_string"}],"inLanguage":"fr-FR"}]}},"_links":{"self":[{"href":"https:\/\/mavisiteenfrance.com\/index.php\/wp-json\/wp\/v2\/pages\/193","targetHints":{"allow":["GET"]}}],"collection":[{"href":"https:\/\/mavisiteenfrance.com\/index.php\/wp-json\/wp\/v2\/pages"}],"about":[{"href":"https:\/\/mavisiteenfrance.com\/index.php\/wp-json\/wp\/v2\/types\/page"}],"author":[{"embeddable":true,"href":"https:\/\/mavisiteenfrance.com\/index.php\/wp-json\/wp\/v2\/users\/1"}],"replies":[{"embeddable":true,"href":"https:\/\/mavisiteenfrance.com\/index.php\/wp-json\/wp\/v2\/comments?post=193"}],"version-history":[{"count":2,"href":"https:\/\/mavisiteenfrance.com\/index.php\/wp-json\/wp\/v2\/pages\/193\/revisions"}],"predecessor-version":[{"id":224,"href":"https:\/\/mavisiteenfrance.com\/index.php\/wp-json\/wp\/v2\/pages\/193\/revisions\/224"}],"up":[{"embeddable":true,"href":"https:\/\/mavisiteenfrance.com\/index.php\/wp-json\/wp\/v2\/pages\/129"}],"wp:attachment":[{"href":"https:\/\/mavisiteenfrance.com\/index.php\/wp-json\/wp\/v2\/media?parent=193"}],"curies":[{"name":"wp","href":"https:\/\/api.w.org\/{rel}","templated":true}]}}